{"id":117,"date":"2023-08-05T23:13:19","date_gmt":"2023-08-05T23:13:19","guid":{"rendered":"http:\/\/www.uedfor.org\/?page_id=117"},"modified":"2023-09-11T11:38:22","modified_gmt":"2023-09-11T11:38:22","slug":"kongre-hakkinda","status":"publish","type":"page","link":"https:\/\/www.uedfor.org\/?page_id=117","title":{"rendered":"KONGRE HAKKINDA"},"content":{"rendered":"\n<p>Birincisi Hatay&#8217;da, \u0130kincisi Edirne&#8217;de, \u00dc\u00e7\u00fcnc\u00fcs\u00fc Ankara&#8217;da d\u00fczenlenen #UEDFOR bu sene Antalya&#8217;da.<\/p>\n\n\n\n<p>T\u00fcrkiye&#8217;nin en b\u00fcy\u00fck e\u011fitim kongresi EYFOR &#8216; u d\u00fczenleyen EYUDER Ailemiz , bu sene Kocaeli ve MEF \u00dcniversitesi ile birlikte Antalya Kemer Rox Royal Otelde UEDFOR &#8216; u d\u00fczenleyecektir.<\/p>\n\n\n\n<p>Alan\u0131nda uzman akademisyenlerin kat\u0131laca\u011f\u0131, bilimsel y\u00fczlerce farkl\u0131 bildirinin sunulaca\u011f\u0131, at\u00f6lyelerin yap\u0131laca\u011f\u0131 ve s\u00fcrpriz programlar\u0131n yap\u0131laca\u011f\u0131 UEDFOR ile bu sene E\u011fitimde D\u00f6n\u00fc\u015f\u00fcm Antalya&#8217;dan ba\u015flayacak.<\/p>\n\n\n\n<p>S\u0131n\u0131rl\u0131 say\u0131da kalan odalar\u0131 indirimli fiyatlardan almak ve kayd\u0131n\u0131z\u0131 olu\u015fturmak i\u00e7in a\u015fa\u011f\u0131daki linki kullanabilirsiniz.<\/p>\n\n\n\n<figure class=\"wp-block-embed\"><div class=\"wp-block-embed__wrapper\"><b>\nhttps:\/\/form.jotform.com\/eyuder\/uedfor-kayit-formu\n<b><\/div><\/figure>\n","protected":false},"excerpt":{"rendered":"<p>Birincisi Hatay&#8217;da, \u0130kincisi Edirne&#8217;de, \u00dc\u00e7\u00fcnc\u00fcs\u00fc Ankara&#8217;da d\u00fczenlenen #UEDFOR bu sene Antalya&#8217;da. T\u00fcrkiye&#8217;nin en b\u00fcy\u00fck e\u011fitim kongresi EYFOR &#8216; u d\u00fczenleyen EYUDER Ailemiz , bu sene Kocaeli ve MEF \u00dcniversitesi ile birlikte Antalya Kemer Rox Royal Otelde UEDFOR &#8216; u d\u00fczenleyecektir. Alan\u0131nda uzman akademisyenlerin kat\u0131laca\u011f\u0131, bilimsel y\u00fczlerce farkl\u0131 bildirinin sunulaca\u011f\u0131, at\u00f6lyelerin yap\u0131laca\u011f\u0131 ve s\u00fcrpriz programlar\u0131n yap\u0131laca\u011f\u0131 [&hellip;]<\/p>\n","protected":false},"author":1,"featured_media":0,"parent":0,"menu_order":0,"comment_status":"closed","ping_status":"closed","template":"","meta":{"footnotes":""},"class_list":["post-117","page","type-page","status-publish","hentry"],"_links":{"self":[{"href":"https:\/\/www.uedfor.org\/index.php?rest_route=\/wp\/v2\/pages\/117","targetHints":{"allow":["GET"]}}],"collection":[{"href":"https:\/\/www.uedfor.org\/index.php?rest_route=\/wp\/v2\/pages"}],"about":[{"href":"https:\/\/www.uedfor.org\/index.php?rest_route=\/wp\/v2\/types\/page"}],"author":[{"embeddable":true,"href":"https:\/\/www.uedfor.org\/index.php?rest_route=\/wp\/v2\/users\/1"}],"replies":[{"embeddable":true,"href":"https:\/\/www.uedfor.org\/index.php?rest_route=%2Fwp%2Fv2%2Fcomments&post=117"}],"version-history":[{"count":3,"href":"https:\/\/www.uedfor.org\/index.php?rest_route=\/wp\/v2\/pages\/117\/revisions"}],"predecessor-version":[{"id":166,"href":"https:\/\/www.uedfor.org\/index.php?rest_route=\/wp\/v2\/pages\/117\/revisions\/166"}],"wp:attachment":[{"href":"https:\/\/www.uedfor.org\/index.php?rest_route=%2Fwp%2Fv2%2Fmedia&parent=117"}],"curies":[{"name":"wp","href":"https:\/\/api.w.org\/{rel}","templated":true}]}}

<p>Birincisi Hatay&#8217;da, İkincisi Edirne&#8217;de, Üçüncüsü Ankara&#8217;da düzenlenen #UEDFOR bu sene Antalya&#8217;da.</p>



<p>Türkiye&#8217;nin en büyük eğitim kongresi EYFOR &#8216; u düzenleyen EYUDER Ailemiz , bu sene Kocaeli ve MEF Üniversitesi ile birlikte Antalya Kemer Rox Royal Otelde UEDFOR &#8216; u düzenleyecektir.</p>



<p>Alanında uzman akademisyenlerin katılacağı, bilimsel yüzlerce farklı bildirinin sunulacağı, atölyelerin yapılacağı ve sürpriz programların yapılacağı UEDFOR ile bu sene Eğitimde Dönüşüm Antalya&#8217;dan başlayacak.</p>



<p>Sınırlı sayıda kalan odaları indirimli fiyatlardan almak ve kaydınızı oluşturmak için aşağıdaki linki kullanabilirsiniz.</p>



<figure class="wp-block-embed"><div class="wp-block-embed__wrapper"><b>
https://form.jotform.com/eyuder/uedfor-kayit-formu
<b></div></figure>

<p>Birincisi Hatay&#8217;da, İkincisi Edirne&#8217;de, Üçüncüsü Ankara&#8217;da düzenlenen #UEDFOR bu sene Antalya&#8217;da. Türkiye&#8217;nin en büyük eğitim kongresi EYFOR &#8216; u düzenleyen EYUDER Ailemiz , bu sene Kocaeli ve MEF Üniversitesi ile birlikte Antalya Kemer Rox Royal Otelde UEDFOR &#8216; u düzenleyecektir. Alanında uzman akademisyenlerin katılacağı, bilimsel yüzlerce farklı bildirinin sunulacağı, atölyelerin yapılacağı ve sürpriz programların yapılacağı [&hellip;]</p>
