{"id":96,"date":"2023-08-05T23:10:22","date_gmt":"2023-08-05T23:10:22","guid":{"rendered":"http:\/\/www.uedfor.org\/?page_id=96"},"modified":"2025-06-12T23:24:50","modified_gmt":"2025-06-12T23:24:50","slug":"ozet-sablonu","status":"publish","type":"page","link":"https:\/\/www.uedfor.org\/?page_id=96","title":{"rendered":"\u00d6zet \u015eablonu"},"content":{"rendered":"\n<p>\u00d6zet : Giri\u015f, Y\u00f6ntem, Bulgular, Sonu\u00e7 ve \u00d6nerileri i\u00e7erecek metin olmal\u0131d\u0131r. Bu metinleri i\u00e7ermeyen \u00f6zetler d\u00fczeltmeye g\u00f6nderilir.<strong> \u00d6ZET KISMINDA KAYNAK\u00c7A  OLMAMALIDIR. <\/strong><\/p>\n\n\n\n<h2 class=\"wp-block-heading\">Bildiri Kitab\u0131 Word \u015eablonu<\/h2>\n\n\n\n<h4 class=\"wp-block-heading\">\u00d6zet Bildiri Kitab\u0131 \u0130\u00e7in WORD \u015fablonunu indiriniz ve \u00fczerindeki uyar\u0131lar\u0131 dikkate alarak, yaz\u0131m kuralalr\u0131n\u0131 dikkatlice okuyarak belgeyi doldurunuz ve verilen forma y\u00fckleyiniz.<\/h4>\n\n\n\n<h1 class=\"wp-block-heading\"><strong><a href=\"https:\/\/www.uedfor.org\/belge\/sablon.docx\" data-type=\"link\" data-id=\"https:\/\/www.uedfor.org\/belge\/uedffortammetin.docx\" target=\"_blank\" rel=\"noreferrer noopener\">\u00d6zet Bildiri \u015eablonu WORD \u0130ndir..<\/a><\/strong><\/h1>\n\n\n\n<h2 class=\"wp-block-heading\"><strong>TAM MET\u0130N HAZILRAMA KILAVUZU<\/strong><\/h2>\n\n\n\n<p><strong>Tam metinler haz\u0131rlan\u0131rken a\u015fa\u011f\u0131daki hususlara dikkat edilmesi gerekmektedir:<\/strong><\/p>\n\n\n\n<p>Tam metinler ideal olarak 4500 ila 9000 kelime aras\u0131nda olmal\u0131d\u0131r. \u00d6zellikle bildirilerinin kitap b\u00f6l\u00fcm\u00fc olarak yay\u0131nlanmas\u0131n\u0131 isteyenler bu limitlere sad\u0131k kalmal\u0131d\u0131r.<br>\u2013 Tam metinler \u015fablonda belirtilen bi\u00e7imde haz\u0131rlanmal\u0131d\u0131r.<br>\u2013 Metinde s\u00f6zc\u00fcklerin yaz\u0131m\u0131 ile k\u0131saltma ve noktalama i\u015faretlerinin kullan\u0131m\u0131nda \u2013 T\u00fcrk Dil Kurumu Yaz\u0131m K\u0131lavuzu temel al\u0131nmal\u0131d\u0131r.<br>\u2013 Metin i\u00e7i ve metin sonu kaynak g\u00f6steriminde ise \u0130SNAD 2 at\u0131f sistemi kullan\u0131lmal\u0131d\u0131r.<br>Tam metinler 11.11.2025 tarihine kadar MS Word format\u0131nda (.docx) a\u015fa\u011f\u0131daki form \u00fczerinden y\u00fcklenmelidir.<\/p>\n\n\n\n<h1 class=\"wp-block-heading\"><a href=\"https:\/\/www.uedfor.org\/belge\/uedfortammetin.docx\" target=\"_blank\" rel=\"noreferrer noopener\">TAM MET\u0130N \u015eABLONU \u0130\u00c7\u0130N<strong>\u00a0<\/strong>TIKLAYINIZ.<\/a><\/h1>\n\n\n\n<p><\/p>\n","protected":false},"excerpt":{"rendered":"<p>\u00d6zet : Giri\u015f, Y\u00f6ntem, Bulgular, Sonu\u00e7 ve \u00d6nerileri i\u00e7erecek metin olmal\u0131d\u0131r. Bu metinleri i\u00e7ermeyen \u00f6zetler d\u00fczeltmeye g\u00f6nderilir. \u00d6ZET KISMINDA KAYNAK\u00c7A OLMAMALIDIR. Bildiri Kitab\u0131 Word \u015eablonu \u00d6zet Bildiri Kitab\u0131 \u0130\u00e7in WORD \u015fablonunu indiriniz ve \u00fczerindeki uyar\u0131lar\u0131 dikkate alarak, yaz\u0131m kuralalr\u0131n\u0131 dikkatlice okuyarak belgeyi doldurunuz ve verilen forma y\u00fckleyiniz. \u00d6zet Bildiri \u015eablonu WORD \u0130ndir.. TAM MET\u0130N HAZILRAMA [&hellip;]<\/p>\n","protected":false},"author":1,"featured_media":0,"parent":0,"menu_order":0,"comment_status":"closed","ping_status":"closed","template":"","meta":{"footnotes":""},"class_list":["post-96","page","type-page","status-publish","hentry"],"_links":{"self":[{"href":"https:\/\/www.uedfor.org\/index.php?rest_route=\/wp\/v2\/pages\/96","targetHints":{"allow":["GET"]}}],"collection":[{"href":"https:\/\/www.uedfor.org\/index.php?rest_route=\/wp\/v2\/pages"}],"about":[{"href":"https:\/\/www.uedfor.org\/index.php?rest_route=\/wp\/v2\/types\/page"}],"author":[{"embeddable":true,"href":"https:\/\/www.uedfor.org\/index.php?rest_route=\/wp\/v2\/users\/1"}],"replies":[{"embeddable":true,"href":"https:\/\/www.uedfor.org\/index.php?rest_route=%2Fwp%2Fv2%2Fcomments&post=96"}],"version-history":[{"count":6,"href":"https:\/\/www.uedfor.org\/index.php?rest_route=\/wp\/v2\/pages\/96\/revisions"}],"predecessor-version":[{"id":285,"href":"https:\/\/www.uedfor.org\/index.php?rest_route=\/wp\/v2\/pages\/96\/revisions\/285"}],"wp:attachment":[{"href":"https:\/\/www.uedfor.org\/index.php?rest_route=%2Fwp%2Fv2%2Fmedia&parent=96"}],"curies":[{"name":"wp","href":"https:\/\/api.w.org\/{rel}","templated":true}]}}