{"id":98,"date":"2023-08-05T23:10:22","date_gmt":"2023-08-05T23:10:22","guid":{"rendered":"http:\/\/www.uedfor.org\/?page_id=98"},"modified":"2025-08-31T10:23:05","modified_gmt":"2025-08-31T10:23:05","slug":"izin-basvuru-belgeleri","status":"publish","type":"page","link":"https:\/\/www.uedfor.org\/?page_id=98","title":{"rendered":"\u0130zin Ba\u015fvuru Belgeleri"},"content":{"rendered":"\n<p>\u00dc\u00e7 Farkl\u0131 \u00dcniversite \u00d6\u011fretim \u00dcyeleri ile d\u00fczenlendi\u011fine ili\u015fkin yaz\u0131<a href=\"http:\/\/www.uedfor.org\/belge\/3u.docx\" data-type=\"link\" data-id=\"http:\/\/www.uedfor.org\/belge\/3u.docx\" target=\"_blank\" rel=\"noreferrer noopener\"> <\/a><strong><a href=\"http:\/\/www.uedfor.org\/belge\/3u.pdf\" data-type=\"link\" data-id=\"http:\/\/www.uedfor.org\/belge\/3u.docx\" target=\"_blank\" rel=\"noreferrer noopener\">\u0130ND\u0130R<\/a><\/strong><\/p>\n\n\n\n<p>UEDFOR 6. s\u0131n\u0131n D\u00fczenlendi\u011fine ili\u015fkin yaz\u0131 <strong><a href=\"http:\/\/www.uedfor.org\/belge\/6.pdf\" data-type=\"link\" data-id=\"http:\/\/www.uedfor.org\/belge\/6.docx\" target=\"_blank\" rel=\"noreferrer noopener\">\u0130ND\u0130R<\/a><\/strong><\/p>\n\n\n\n<p>MEB Bilimsel Toplant\u0131 Y\u00f6nergesine Uygunlu\u011funa \u0130li\u015fkin Yaz\u0131<a href=\"http:\/\/www.uedfor.org\/belge\/b.docx\" data-type=\"link\" data-id=\"http:\/\/www.uedfor.org\/belge\/3u.docx\" target=\"_blank\" rel=\"noreferrer noopener\"> <strong>\u0130ND\u0130R<\/strong><\/a><\/p>\n\n\n\n<p><\/p>\n","protected":false},"excerpt":{"rendered":"<p>\u00dc\u00e7 Farkl\u0131 \u00dcniversite \u00d6\u011fretim \u00dcyeleri ile d\u00fczenlendi\u011fine ili\u015fkin yaz\u0131 \u0130ND\u0130R UEDFOR 6. s\u0131n\u0131n D\u00fczenlendi\u011fine ili\u015fkin yaz\u0131 \u0130ND\u0130R MEB Bilimsel Toplant\u0131 Y\u00f6nergesine Uygunlu\u011funa \u0130li\u015fkin Yaz\u0131 \u0130ND\u0130R<\/p>\n","protected":false},"author":1,"featured_media":0,"parent":0,"menu_order":0,"comment_status":"closed","ping_status":"closed","template":"","meta":{"footnotes":""},"class_list":["post-98","page","type-page","status-publish","hentry"],"_links":{"self":[{"href":"https:\/\/www.uedfor.org\/index.php?rest_route=\/wp\/v2\/pages\/98","targetHints":{"allow":["GET"]}}],"collection":[{"href":"https:\/\/www.uedfor.org\/index.php?rest_route=\/wp\/v2\/pages"}],"about":[{"href":"https:\/\/www.uedfor.org\/index.php?rest_route=\/wp\/v2\/types\/page"}],"author":[{"embeddable":true,"href":"https:\/\/www.uedfor.org\/index.php?rest_route=\/wp\/v2\/users\/1"}],"replies":[{"embeddable":true,"href":"https:\/\/www.uedfor.org\/index.php?rest_route=%2Fwp%2Fv2%2Fcomments&post=98"}],"version-history":[{"count":4,"href":"https:\/\/www.uedfor.org\/index.php?rest_route=\/wp\/v2\/pages\/98\/revisions"}],"predecessor-version":[{"id":325,"href":"https:\/\/www.uedfor.org\/index.php?rest_route=\/wp\/v2\/pages\/98\/revisions\/325"}],"wp:attachment":[{"href":"https:\/\/www.uedfor.org\/index.php?rest_route=%2Fwp%2Fv2%2Fmedia&parent=98"}],"curies":[{"name":"wp","href":"https:\/\/api.w.org\/{rel}","templated":true}]}}